f 29178 and 72?
18
What is the greatest common factor of 37 and 70966?
37
Calculate the greatest common divisor of 14856 and 504.
24
What is the greatest common factor of 44084 and 6592?
412
What is the greatest common divisor of 3854 and 658?
94
Calculate the greatest common factor of 2505714 and 222.
222
Calculate the greatest common factor of 12726 and 294.
42
Calculate the highest common divisor of 186443 and 185.
37
What is the greatest common divisor of 246087 and 333?
333
What is the highest common factor of 844 and 28274?
422
What is the greatest common divisor of 873508 and 3668?
524
Calculate the highest common factor of 378000 and 56.
56
What is the highest common divisor of 12592 and 208?
16
Calculate the greatest common divisor of 6075 and 825.
75
What is the highest common divisor of 1656 and 2687274?
414
What is the highest common divisor of 290 and 2589207?
29
Calculate the highest common factor of 1732 and 208.
4
What is the highest common divisor of 21413 and 874?
437
What is the greatest common factor of 16929 and 9747?
513
Calculate the greatest common factor of 772896 and 288.
96
What is the highest common factor of 542 and 675874?
542
What is the highest common factor of 580 and 1920?
20
What is the greatest common factor of 928 and 416?
32
What is the greatest common factor of 2916 and 144?
36
What is the highest common divisor of 1557303 and 6765?
1353
What is the greatest common divisor of 2688 and 1936?
16
What is the highest common divisor of 133029 and 312?
39
What is the highest common factor of 340 and 147220?
340
Calculate the greatest common divisor of 63 and 7569.
9
What is the highest common factor of 13 and 4570631?
13
Calculate the greatest common divisor of 1650 and 3795.
165
Calculate the highest common divisor of 406 and 476644.
406
What is the greatest common divisor of 13533562 and 602?
602
Calculate the greatest common divisor of 17570 and 27230.
70
What is the greatest common divisor of 5338071 and 9?
9
Calculate the highest common factor of 730 and 188486.
146
Calculate the highest common factor of 520594 and 1048.
262
Calculate the highest common factor of 10626 and 714.
42
Calculate the greatest common factor of 7169 and 10807.
107
Calculate the greatest common divisor of 3129 and 315.
21
Calculate the highest common factor of 9647 and 2090.
11
Calculate the highest common factor of 16096 and 1312.
32
What is the highest common factor of 80 and 9664?
16
What is the greatest common divisor of 222 and 127206?
222
What is the highest common factor of 124955 and 335?
335
Calculate the highest common divisor of 376 and 444902.
94
Calculate the highest common divisor of 340 and 4828.
68
What is the highest common divisor of 51634 and 319?
11
Calculate the greatest common divisor of 100 and 633600.
100
What is the highest common divisor of 96 and 57328?
16
What is the greatest common factor of 49480 and 240?
40
Calculate the greatest common factor of 71617 and 13.
13
What is the greatest common divisor of 240 and 180?
60
What is the highest common factor of 10010 and 1106?
14
What is the greatest common divisor of 111 and 139749?
111
What is the highest common factor of 115 and 2918470?
115
What is the highest common factor of 423005 and 11?
11
Calculate the greatest common factor of 2592 and 135.
27
What is the highest common divisor of 640981 and 11?
11
Calculate the highest common factor of 265677 and 57.
57
Calculate the highest common divisor of 5 and 1989865.
5
What is the highest common factor of 380 and 56?
4
What is the highest common divisor of 9066 and 6?
6
Calculate the greatest common factor of 2671380 and 5100.
1020
What is the highest common factor of 2991 and 94715?
997
What is the greatest common divisor of 88 and 183326?
22
What is the greatest common factor of 91 and 38077?
13
What is the highest common divisor of 400 and 2765600?
400
What is the highest common divisor of 618530 and 110?
110
What is the greatest common factor of 57700 and 2000?
100
Calculate the highest common factor of 265970 and 480.
10
What is the highest common factor of 476548 and 763?
109
Calculate the highest common divisor of 1784 and 55016.
8
What is the highest common divisor of 59 and 5830852?
59
What is the highest common factor of 238 and 122920?
14
Calculate the highest common divisor of 8789 and 4653.
517
What is the highest common factor of 25 and 9955?
5
Calculate the highest common factor of 35 and 35833.
7
Calculate the greatest common factor of 2818 and 20033162.
2818
Calculate the greatest common factor of 354 and 35105.
59
Calculate the greatest common divisor of 34 and 50014.
34
What is the greatest common divisor of 3591 and 1704699?
513
What is the greatest common divisor of 72681 and 315?
21
What is the greatest common factor of 8607 and 1121?
19
Calculate the highest common divisor of 4908 and 2160747.
1227
What is the highest common divisor of 4880 and 35?
5
What is the highest common divisor of 36 and 268338?
6
Calculate the highest common factor of 1095 and 2085.
15
What is the greatest common divisor of 36 and 3972?
12
Calculate the highest common divisor of 2745496 and 104.
104
What is the greatest common factor of 11 and 1991?
11
What is the greatest common divisor of 4342 and 11648?
26
Calculate the greatest common divisor of 96330 and 1140.
570
Calculate the greatest common divisor of 34918 and 81686.
158
What is the highest common factor of 3180 and 129585?
795
What is the greatest common factor of 44528 and 8464?
368
Calculate the highest common divisor of 6684 and 1445972.
2228
What is the highest common factor of 53862 and 15?
3
What is the greatest common factor of 720 and 12000?
240
Calculate the greatest common factor of 2403 and 48327.
267
Calculate the greatest common divisor of 42571 and 1.
1
What is the greatest common divisor of 506447 and 119?
17
What is the greatest common divisor of 740081 and 1393?
199
What is the greatest common factor of 24 and 20154?
6
Calculate the greatest common factor of 25675 and 455.
65
Calculate the greatest common factor of 61152 and 168.
168
What is the highest common divisor of 2208 and 13386?
138
Calculate the highest common divisor of 132 and 155100.
132
What is the highest common factor of 32 and 12768?
32
Calculate the highest common factor of 14304 and 117561.
447
Calculate the greatest common factor of 9884 and 28.
28
What is the greatest common divisor of 4209 and 976?
61
Calculate the greatest common divisor of 70 and 2115760.
10
Calculate the greatest common factor of 4 and 12962.
2
What is the highest common divisor of 2455963 and 161?
23
What is the greatest common divisor of 207 and 369?
9
What is the highest common factor of 285 and 73055?
95
Calculate the highest common divisor of 264 and 18276.
12
What is the highest common divisor of 60926 and 26?
2
What is the highest common factor of 208 and 552?
8
Calculate the greatest common divisor of 6 and 5154.
6
Calculate the highest common divisor of 273 and 280014.
21
What is the highest common divisor of 833528 and 16?
8
What is the greatest common divisor of 44442 and 918?
54
What is the greatest common factor of 5696 and 24896?
64
What is the greatest common factor of 9557 and 5700?
19
What is the highest common factor of 302707 and 6775?
271
Calculate the highest common factor of 521568 and 351.
9
What is the highest common divisor of 403 and 40547?
13
Calculate the highest common factor of 410 and 6695.
5
Calculate the highest common divisor of 3 and 2834181.
3
What is the greatest common factor of 430 and 49966?
86
Calculate the greatest common factor of 70 and 101458.
14
Calculate the greatest common factor of 1789896 and 856.
856
Calculate the highest common divisor of 823 and 2059969.
823
What is the greatest common divisor of 2527 and 56316?
361
What is the greatest common factor of 684 and 15352?
76
Calculate the greatest common divisor of 8037 and 45999.
171
What is the greatest common factor of 10 and 22735?
5
Calculate the highest common divisor of 183020 and 20.
20
What is the highest common factor of 276598 and 322?
322
Calculate the greatest common divisor of 17232 and 9.
3
What is the greatest common factor of 3414 and 26743?
569
Calculate the highest common